culate r(3).
2
Let r(k) = -k**3 - 11*k**2 + k + 9. Calculate r(-11).
-2
Let f(r) = -r**2 + r + 5. Calculate f(7).
-37
Let l(a) = -a**2 - 6*a - 2. What is l(-3)?
7
Let u(j) = j**3 - 3*j**2 - 2*j - 13. Give u(4).
-5
Let m(g) = g**3 - 10*g**2 - 4*g - 10. Determine m(11).
67
Let j(w) = w**3 - 12*w**2 - w + 32. Give j(12).
20
Let j(s) = -s**2 - 20*s - 81. Determine j(-15).
-6
Let y(m) = -m**2 - 24*m + 54. Give y(2).
2
Let d(x) = -x - 20. Give d(-7).
-13
Let w(q) = -19*q - 6. Determine w(1).
-25
Let k(l) = 16*l - 8. What is k(2)?
24
Let y(x) = -x + 15. Determine y(7).
8
Let l(k) = k**2 - k - 2. Give l(4).
10
Let t(i) = -2*i**2 + 12. Calculate t(3).
-6
Let f(r) = 597*r + 1786. Calculate f(-3).
-5
Let r(t) = -13*t + 2. Give r(0).
2
Let n(b) = 6*b + 13. Give n(5).
43
Let s(k) = -k + 2. What is s(0)?
2
Let d(t) = -t**3 + 6*t**2 + 5. Determine d(6).
5
Let c(a) = a**3 + 6*a**2 + a + 11. Calculate c(-6).
5
Let a(q) = -q**3 + 8*q**2 - 10*q + 13. Calculate a(6).
25
Let t(y) = -y**3 + 8*y**2 + 8*y + 14. Calculate t(9).
5
Let h(z) = 35*z**3 - z. Calculate h(1).
34
Let v(o) = o**3 + 7*o**2 + 6*o + 28. Calculate v(-7).
-14
Let h(v) = v - 7. Determine h(7).
0
Let x(j) = -13*j**2 + 23*j + 4. Calculate x(2).
-2
Let x(u) = -u**2 - 8*u - 7. Determine x(-7).
0
Let s(t) = t**3 + 9*t**2 - 35. Determine s(-9).
-35
Let a(s) = 10*s - 95. Calculate a(6).
-35
Let q(i) = -43*i - 8. Calculate q(-2).
78
Let x(t) = t**2 + t + 60. Determine x(0).
60
Let p(o) = 6*o + 24. What is p(-4)?
0
Let t(p) = 2*p**3 - 23*p**2 + 69*p - 18. Determine t(6).
0
Let a(x) = -x**2 - 7*x + 9. What is a(-7)?
9
Let b(a) = 16*a**2 + a. Determine b(-1).
15
Let m(y) = y**3 + 7*y**2 - 2*y - 11. Give m(-7).
3
Let f(k) = 2*k**2 - 13*k - 7. Calculate f(7).
0
Let f(i) = i**3 - 3*i**2 + i + 1. What is f(-2)?
-21
Let f(p) = 2*p + 2. Give f(-9).
-16
Let j(v) = -7*v - 33. Determine j(-4).
-5
Let g(l) = l**3 - 12*l**2 + 11*l + 10. Give g(11).
10
Let t(b) = b**3 + 6*b**2 + 5*b - 5. Give t(-6).
-35
Let l(t) = t**3 - 6*t**2 - 5*t + 7. Give l(6).
-23
Let y(g) = g**3 + 4*g**2 + 69*g + 374. Give y(-5).
4
Let f(w) = 3*w + 55. Calculate f(-13).
16
Let w(y) = -y**2 - 12*y + 5. What is w(-13)?
-8
Let x(o) = -o**3 - 10*o**2 - 4*o + 8. What is x(-9)?
-37
Let r(z) = z + 39. What is r(5)?
44
Let u(m) = m**2 - 3*m - 1. What is u(-7)?
69
Let z(l) = 9*l + 30. Calculate z(-3).
3
Let k(d) = -5*d**3 - 2*d**2 - 2*d + 2. Determine k(-2).
38
Let x(n) = -n**3 + 4*n**2 + 24*n + 2. Determine x(7).
23
Let x(i) = 3*i**2 - 117*i. What is x(39)?
0
Let h(m) = m**3 + m**2 + m + 48. Determine h(0).
48
Let q(f) = -3*f**2 + f + 1. Calculate q(-6).
-113
Let h(m) = -m**3 + 8*m**2 + 9*m + 6. Determine h(9).
6
Let o(x) = -x**3 - 3*x**2 + 2*x + 2. What is o(2)?
-14
Let s(d) = d**2 - 12*d - 58. Calculate s(-4).
6
Let b(r) = -r**2 + 9*r + 75. Determine b(14).
5
Let p(j) = -2*j**2 - 4*j + 22. Give p(3).
-8
Let t(i) = i**3 - 8*i**2 + 3*i + 2. Give t(7).
-26
Let h(p) = -p**2 + 9*p - 13. Give h(7).
1
Let n(w) = w - 14. Calculate n(-21).
-35
Let p(o) = -o**2 - 6*o + 4. What is p(-7)?
-3
Let r(b) = 4*b + 136. Calculate r(-39).
-20
Let x(n) = 2*n**2 + 21*n - 18. Give x(-11).
-7
Let u(a) = -4*a + 19. Determine u(5).
-1
Let q(n) = -n - 8. Calculate q(-11).
3
Let j(y) = 3*y + 73. Give j(-23).
4
Let k(j) = -2*j**2 - 22*j + 86. Calculate k(-14).
2
Let i(l) = 4*l**2 + 3*l. Calculate i(3).
45
Let s(a) = a**3 + 5*a**2 - 4*a. Determine s(-6).
-12
Let t(s) = s**3 + 5*s**2 + 3*s + 4. Give t(-6).
-50
Let t(o) = -4*o + 49. Determine t(13).
-3
Let m(d) = d**2 - 9*d - 366. Determine m(-15).
-6
Let l(f) = -f**3 + 9*f**2 + 5*f - 5. Determine l(8).
99
Let f(s) = -4*s + 65. Determine f(29).
-51
Let y(l) = -3*l**2 + 12*l - 5. Calculate y(5).
-20
Let p(q) = -12*q**2 + 66*q - 7. Determine p(6).
-43
Let l(b) = -b**3 + 6*b**2 - 3*b + 7. What is l(6)?
-11
Let z(t) = t**3 - 7*t**2 + 4*t - 3. Determine z(7).
25
Let w(l) = l**3 - 8*l**2 + 18. Determine w(8).
18
Let v(t) = -14*t - 3. What is v(-4)?
53
Let b(x) = -x**3 - 4*x**2 + 3*x - 4. What is b(-5)?
6
Let p(u) = -u**3 - u**2 + 41. Determine p(0).
41
Let s(t) = 13*t - 49. Determine s(5).
16
Let k(w) = -13*w**2 - 2*w + 3. Calculate k(2).
-53
Let g(i) = -i**2 + 17*i + 17. Determine g(18).
-1
Let f(h) = -3*h + 47. Determine f(11).
14
Let j(z) = -6*z - 355. Calculate j(-60).
5
Let h(r) = 2*r + 13. Determine h(-10).
-7
Let a(y) = -6*y - 63. Give a(-15).
27
Let n(x) = -x**2 + 4*x - 4. What is n(6)?
-16
Let r(o) = o**3 + 13*o**2 + 14*o + 29. Give r(-12).
5
Let p(b) = -b**3 + 3*b. Calculate p(-3).
18
Let b(a) = a**2 + 4*a - 19. What is b(-8)?
13
Let l(v) = -10*v - 10. Determine l(-3).
20
Let w(a) = a**2 - 15*a - 32. Calculate w(17).
2
Let v(z) = z + 24. Give v(19).
43
Let a(v) = 4*v - 1. Calculate a(-8).
-33
Let r(t) = 10*t - 15. Calculate r(6).
45
Let d(u) = u**2 + u - 5. Give d(5).
25
Let i(s) = -2*s - 7. Give i(-7).
7
Let r(k) = -15*k - 5. Give r(2).
-35
Let m(k) = 2*k**2 - 8*k + 1. Give m(6).
25
Let c(r) = -r**2 - 8*r + 29. Give c(-11).
-4
Let l(s) = 4*s + 6. Determine l(14).
62
Let o(y) = -y**2 - 19*y - 27. Give o(-22).
-93
Let i(r) = r**3 - 6*r**2 + 3*r + 15. Determine i(5).
5
Let c(r) = 3*r - 10. What is c(5)?
5
Let h(u) = -u**3 + 6*u**2 + 9*u - 5. Give h(6).
49
Let b(d) = -d**3 - d**2 + 3*d + 14. What is b(0)?
14
Let j(h) = 4*h**2 - 3*h + 3. What is j(1)?
4
Let u(y) = -2*y**2 + 57*y + 50. Calculate u(29).
21
Let h(x) = x**3 + 12*x**2 - 29*x - 18. Determine h(-14).
-4
Let c(i) = 110*i + 451. What is c(-4)?
11
Let s(v) = -v**3 + 2*v**2 + v - 2. What is s(3)?
-8
Let w(l) = l. Calculate w(-9).
-9
Let o(d) = 3*d**2 + 237*d + 239. What is o(-78)?
5
Let l(m) = -7*m + 27. What is l(5)?
-8
Let j(x) = -12*x - 16. Determine j(-5).
44
Let s(m) = 2*m + 3. What is s(-3)?
-3
Let w(b) = -b**3 - 8*b**2 + 8*b + 29. Give w(-9).
38
Let w(r) = -16*r - 135. Determine w(-7).
-23
Let n(d) = -d**3 + 5*d**2 + 5*d - 1. Give n(6).
-7
Let v(q) = -92*q - 1843. What is v(-20)?
-3
Let j(h) = h**3 - 11*h**2 - h + 6. Calculate j(11).
-5
Let a(x) = x - 3. What is a(-2)?
-5
Let k(z) = -z**3 + 2*z**2 - 2*z - 2. Give k(-2).
18
Let b(a) = 5*a + 5. Determine b(8).
45
Let u(s) = 26*s - 1. Calculate u(2).
51
Let g(f) = -2*f**2 + 2*f + 14. Determine g(-3).
-10
Let h(m) = m**3 - 11*m**2 - 25*m + 24. What is h(12)?
-132
Let z(m) = 6*m - 329. Give z(54).
-5
Let y(q) = -29*q**2 - 175*q - 10. What is y(-6)?
-4
Let l(y) = y**3 - 19*y**2 - 3*y + 70. Give l(19).
13
Let d(j) = -j**3 + 4*j**2 + 10*j + 2. Give d(6).
-10
Let i(v) = 34*v + 43. Calculate i(-1).
9
Let z(x) = x**3 + 6*x**2 + 4*x + 6. What is z(-6)?
-18
Let o(m) = -m**2 - 8*m + 13. What is o(-12)?
-35
Let n(k) = -k**3 + 25*k**2 - 13. Calculate n(25).
-13
Let w(u) = -u**3 - 10*u**2 + u - 9. Determine w(-10).
-19
Let x(a) = 12*a - 68. What is x(7)?
16
Let h(p) = -26*p - 165. Determine h(-6).
-9
Let i(b) = -b**3 - 3*b + 4. What is i(2)?
-10
Let f(k) = -k**3 + 3*k**2 - k + 9. What is f(5)?
-46
Let p(x) = -x**3 - 9*x**2 - 6*x + 23. Calculate p(-8).
7
Let v(l) = l**2 - 4. What is v(-3)?
5
Let o(h) = h - 14. What is o(6)?
-8
Let b(s) = 3*s. Determine b(7).
21
Let n(f) = 2*f - 22. Calculate n(0).
-22
Let v(o) = -o**2 + 5*o + 181. What is v(0)?
181
Let x(u) = 85*u - 4. Calculate x(1).
81
Let q(t) = 56*t - 218. Calculate q(4).
6
Let g(r) = -r**3 + 11*r**2 + 12*r - 138. Give g(11).
-6
Let u(m) = 4*m**2 - 91*m - 18. Determine u(23).
5
Let g(p) = -2*p - 15. What is g(-9)?
3
Let g(z) = 7*z + 165. Calculate g(-24).
-3
Let s(d) = d**2 - 7*d - 11. What is s(6)?
-17
Let u(q) = -q**2 - 6*q - 19. Give u(-8).
-35
Let n(o) = 14*o**3 + 4*o - 3. Determine n(1).
15
Let x(c) = 3*c**2 - 19*c + 36. Determine x(6).
30
Let y(t) = 11*t - 43. Determine y(4).
1
Let j(p) = 4*p + 28. What is j(-7)?
0
Let z(k) = -k**2 - 12*k + 31. Calculate z(-14).
3
Let t(f) = 14*f - 12. Calculate t(-1).
-26
Let a(m) = 16*m**2 + m + 16. Calculate a(0).
16
Let k(l) = -l**3 + 11*l**2 - 6. What is k(0)?
-6
Let p(g) = 2*g - 10. Calculate p(7).
4
Let c(a) = a**3 - 8*a**2 + 2*a - 10. What is c(8)?
6
Let d(i) = 2*i**2 + 42*i + 8. Determine d(-21).
8
Let w(z) = z**3 - 7*z**2 + 7*z + 8. What is w(3)?
-7
Let m(k) = -k - 6. Determine m(-6).
0
Let j(b) = -3*b - 93. Determine j(-28).
-9
Let b(y) = 9*y + 1. What is b(5)?
46
Let b(r) = 4*r - 18. What is b(8)?
14
Let m(a) = a**3 - 3*a**2 + 2*a